{"id":92,"date":"2026-01-09T09:42:21","date_gmt":"2026-01-09T09:42:21","guid":{"rendered":"https:\/\/www.ilayaktopraksanda.com\/?page_id=92"},"modified":"2026-01-12T12:54:46","modified_gmt":"2026-01-12T12:54:46","slug":"cocuk-ve-ergen-danismanligi","status":"publish","type":"page","link":"https:\/\/www.ilayaktopraksanda.com\/?page_id=92","title":{"rendered":"\u00c7ocuk ve Ergen Dan\u0131\u015fmanl\u0131\u011f\u0131"},"content":{"rendered":"<h3><strong>\u0130lk \u00c7ocukluk D\u00f6nemi<\/strong><\/h3>\n<p>Do\u011fumla ba\u015flayan bu s\u00fcre\u00e7, \u00e7ocu\u011fun hem d\u00fcnyayla tan\u0131\u015ft\u0131\u011f\u0131 hem de kendini ke\u015ffetti\u011fi ilk basamakt\u0131r. 0-6 ya\u015f geli\u015fim d\u00f6nemi; \u00e7ocu\u011fun s\u00f6zel, fiziksel, davran\u0131\u015fsal ve duygusal geli\u015fiminin h\u0131zla ger\u00e7ekle\u015fti\u011fi bir d\u00f6nemdir. Bu d\u00f6nemde ailenin \u00e7ocuklar\u0131n\u0131 iyi g\u00f6zlemlemesi ve ihtiya\u00e7lar\u0131n\u0131n fark\u0131nda olmas\u0131, \u00e7ocu\u011fun sa\u011fl\u0131kl\u0131 bir geli\u015fimsel s\u00fcre\u00e7 ge\u00e7irmesini sa\u011flar.<\/p>\n<p>0-6 Ya\u015f Grubu<\/p>\n<ul>\n<li>Geli\u015fimsel Takip<\/li>\n<li>Geli\u015fim Problemleri<\/li>\n<li>Davran\u0131\u015f Problemleri<\/li>\n<li>Tuvalet E\u011fitimi<\/li>\n<li>Uyku Problemleri<\/li>\n<li>Yemek Problemleri<\/li>\n<li>Karde\u015f K\u0131skan\u00e7l\u0131\u011f\u0131<\/li>\n<li>Kre\u015fe\/Anaokuluna Adaptasyon<\/li>\n<li>Aile Dan\u0131\u015fmanl\u0131\u011f\u0131<\/li>\n<\/ul>\n<p>0-6 ya\u015f bebek ve \u00e7ocuk dan\u0131\u015fmanl\u0131\u011f\u0131; \u00e7ocuklar\u0131n davran\u0131\u015f ve uyum sorunlar\u0131n\u0131n alt\u0131nda yatan s\u00fcre\u00e7lerin ke\u015ffinde, sorun ya\u015fanan durumun kayna\u011f\u0131n\u0131 fark etmede ve \u00e7\u00f6z\u00fcm yollar\u0131 hakk\u0131nda ebeveynlere destek olmakt\u0131r.<\/p>\n<h3>Son \u00c7ocukluk D\u00f6nemi<\/h3>\n<p>Do\u011fumla ba\u015flayan ya\u015fam s\u00fcrecimiz, bebeklikten \u00e7ocuklu\u011fa ve ergenli\u011fe sonra da yeti\u015fkinli\u011fe do\u011fru uzanarak gider. Bu s\u00fcrecinizde i\u00e7inde varoldu\u011funuz sorunlarla ba\u015f edebilmek ve size yol g\u00f6stermek i\u00e7in, sizlerin s\u0131rda\u015flar\u0131n\u0131z olarak her t\u00fcrl\u00fc probleminizi payla\u015farak Bireysel veya Grup Dan\u0131\u015fmanl\u0131\u011f\u0131 hizmetlerimizden faydalanabilirsiniz.<\/p>\n<h3>7-13 Ya\u015f Grubu<\/h3>\n<ul>\n<li>Uyum ve Denge Bozukluklar\u0131<\/li>\n<li>Ders \u00c7al\u0131\u015fma Sorunlar\u0131<\/li>\n<li>Verimli Ders \u00c7al\u0131\u015fma Teknikleri<\/li>\n<li>Hiperaktivite ve Dikkat Eksikli\u011fi<\/li>\n<li>\u00d6zg\u00fcl \u00d6\u011frenme Bozukluklar\u0131<\/li>\n<li>Kendine G\u00fcven<\/li>\n<li>Tak\u0131nt\u0131lar<\/li>\n<li>Korkular<\/li>\n<li>S\u0131nav Kayg\u0131s\u0131<\/li>\n<li>Okul Ba\u015far\u0131s\u0131zl\u0131\u011f\u0131 ve \u00d6\u011frenme Bozukluklar\u0131<\/li>\n<li>\u0130li\u015fki Sorunlar\u0131<\/li>\n<\/ul>\n<h3>13-17 Ya\u015f Grubu<\/h3>\n<p>\u00dclkeden \u00fclkeye fark eden, \u00e7ocuklukla eri\u015fkinlik aras\u0131ndaki gen\u00e7lik \u00e7a\u011f\u0131 UNESCO taraf\u0131ndan 12-24 ya\u015f olarak kabul edilmi\u015ftir.Bu d\u00f6nem eri\u015fkinlik \u00e7a\u011f\u0131na dek s\u00fcrer. Bedensel olarak olan de\u011fi\u015fme ve geli\u015fmeyle birlikte ruhsal ve toplumsal de\u011fi\u015fme ve geli\u015fme s\u00fcre\u00e7leri de \u00f6nem kazan\u0131r.Gen\u00e7 bu d\u00f6nemde kimlik ve cinsel benlik kazan\u0131r. Bu s\u00fcre\u00e7, genci yeni aray\u0131\u015flara y\u00f6nlendirir .<\/p>\n<p><strong>Bu d\u00f6neme ait sorunlar;<\/strong><\/p>\n<ul>\n<li>Okul Sorunlar\u0131<\/li>\n<li>Okul Ba\u015far\u0131s\u0131zl\u0131\u011f\u013113-17<\/li>\n<li>Arkada\u015f \u0130li\u015fkileri<\/li>\n<li>Ders \u00c7al\u0131\u015fma Sorunlar\u0131<\/li>\n<li>Hiperaktivite ve Dikkat Eksikli\u011fi<\/li>\n<li>Kimlik Sorunlar\u0131<\/li>\n<li>\u0130leti\u015fim-\u0130li\u015fki Sorunlar\u0131<\/li>\n<li>Korkular<\/li>\n<li>Tak\u0131nt\u0131lar<\/li>\n<li>Cinsel Geli\u015fim<\/li>\n<li>Kayg\u0131 ve Stres<\/li>\n<li>Kendine G\u00fcven<\/li>\n<li>Gelecek Kayg\u0131s\u0131<\/li>\n<li>Yanl\u0131\u015f Al\u0131\u015fkanl\u0131klar<\/li>\n<li>Gelecekle \u0130lgili Sorunlar<\/li>\n<li>\u00d6SS&#8221;ye Haz\u0131rlanma<\/li>\n<li>Meslek Se\u00e7imi<\/li>\n<li>Vizyon Yaratma<\/li>\n<li>\u0130lgi ve Yeteneklerini Belirleyememe<\/li>\n<\/ul>\n<p><a class=\"fasc-button fasc-size-xlarge fasc-type-glossy fasc-rounded-medium\" style=\"background-color: #33809e; color: #ffffff;\" target=\"_blank\" href=\"https:\/\/www.psikologilayaktoprak.com\/\" rel=\"noopener\">ONL\u0130NE RANDEVU \u0130\u00c7\u0130N TIKLAYIN<\/a><\/p>\n","protected":false},"excerpt":{"rendered":"<p>\u0130lk \u00c7ocukluk D\u00f6nemi Do\u011fumla ba\u015flayan bu s\u00fcre\u00e7, \u00e7ocu\u011fun hem d\u00fcnyayla tan\u0131\u015ft\u0131\u011f\u0131 hem de kendini ke\u015ffetti\u011fi ilk basamakt\u0131r. 0-6 ya\u015f geli\u015fim d\u00f6nemi; \u00e7ocu\u011fun s\u00f6zel, fiziksel, davran\u0131\u015fsal ve duygusal geli\u015fiminin h\u0131zla ger\u00e7ekle\u015fti\u011fi bir d\u00f6nemdir. Bu d\u00f6nemde ailenin \u00e7ocuklar\u0131n\u0131 iyi g\u00f6zlemlemesi ve ihtiya\u00e7lar\u0131n\u0131n fark\u0131nda olmas\u0131, \u00e7ocu\u011fun sa\u011fl\u0131kl\u0131 bir geli\u015fimsel s\u00fcre\u00e7 ge\u00e7irmesini sa\u011flar. 0-6 Ya\u015f Grubu Geli\u015fimsel Takip Geli\u015fim&hellip; <br \/> <a class=\"read-more\" href=\"https:\/\/www.ilayaktopraksanda.com\/?page_id=92\">Devam\u0131<\/a><\/p>\n","protected":false},"author":1,"featured_media":0,"parent":0,"menu_order":0,"comment_status":"closed","ping_status":"closed","template":"","meta":{"footnotes":""},"class_list":["post-92","page","type-page","status-publish","hentry"],"amp_enabled":true,"_links":{"self":[{"href":"https:\/\/www.ilayaktopraksanda.com\/index.php?rest_route=\/wp\/v2\/pages\/92","targetHints":{"allow":["GET"]}}],"collection":[{"href":"https:\/\/www.ilayaktopraksanda.com\/index.php?rest_route=\/wp\/v2\/pages"}],"about":[{"href":"https:\/\/www.ilayaktopraksanda.com\/index.php?rest_route=\/wp\/v2\/types\/page"}],"author":[{"embeddable":true,"href":"https:\/\/www.ilayaktopraksanda.com\/index.php?rest_route=\/wp\/v2\/users\/1"}],"replies":[{"embeddable":true,"href":"https:\/\/www.ilayaktopraksanda.com\/index.php?rest_route=%2Fwp%2Fv2%2Fcomments&post=92"}],"version-history":[{"count":2,"href":"https:\/\/www.ilayaktopraksanda.com\/index.php?rest_route=\/wp\/v2\/pages\/92\/revisions"}],"predecessor-version":[{"id":194,"href":"https:\/\/www.ilayaktopraksanda.com\/index.php?rest_route=\/wp\/v2\/pages\/92\/revisions\/194"}],"wp:attachment":[{"href":"https:\/\/www.ilayaktopraksanda.com\/index.php?rest_route=%2Fwp%2Fv2%2Fmedia&parent=92"}],"curies":[{"name":"wp","href":"https:\/\/api.w.org\/{rel}","templated":true}]}}