{"id":36,"date":"2026-01-08T12:45:50","date_gmt":"2026-01-08T12:45:50","guid":{"rendered":"https:\/\/www.ilayaktopraksanda.com\/mesmerize\/"},"modified":"2026-02-02T10:54:52","modified_gmt":"2026-02-02T10:54:52","slug":"mesmerize","status":"publish","type":"page","link":"https:\/\/www.ilayaktopraksanda.com\/","title":{"rendered":"\u00c7ocuk &#038; Ergen ve Hamile Dan\u0131\u015fmanl\u0131\u011f\u0131"},"content":{"rendered":"<div  id=\"overlappable-4\" style=\"background-color: rgb(245, 250, 253); background-image: none;\" data-label=\"Overlappable\" data-id=\"overlappable-4\" data-export-id=\"overlappable-4\" data-category=\"overlappable\" class=\"overlappable-4 content-section content-section-spacing\" data-overlap=\"true\"><div  class=\"\"> <div  data-type=\"row\" class=\"row spaced-cols text-center center-sm content-center-sm\"><div  class=\"col-xs-12 col-sm-4 col-padding col-md-4 \"> <i  class=\"fa icon shadow-large-black aligncenter color1 fa-child reverse round large\"><\/i> <div  data-type=\"column\" class=\"\">  <a class=\"button blue\" href=\"https:\/\/www.ilayaktopraksanda.com?page_id=92&amp;preview=true%20\" target=\"_self\" data-cp-link=\"1\">\u00c7ocuk ve Ergen Dan\u0131\u015fmanl\u0131\u011f\u0131<\/a><\/div> <\/div> <div  class=\"col-xs-12 col-sm-4 col-padding col-md-4 \"> <i  class=\"fa icon shadow-large-black aligncenter color1 fa-address-card-o reverse round large\"><\/i> <div  data-type=\"column\" class=\"\">  <a class=\"button blue\" href=\"https:\/\/www.psikologilayaktoprak.com\" target=\"_self\" data-cp-link=\"1\" rel=\"noopener\">H\u0131zl\u0131 Randevu<\/a><\/div> <\/div><div  class=\"col-xs-12 col-sm-4 col-padding col-md-4 \"> <i  class=\"fa icon shadow-large-black aligncenter color1 fa-female reverse round large\"><\/i> <div  data-type=\"column\" class=\"\"> <a class=\"button blue\" href=\"https:\/\/www.ilayaktopraksanda.com?page_id=96\" target=\"_self\" data-cp-link=\"1\">Hamile ve Do\u011fum Dan\u0131\u015fmanl\u0131\u011f\u0131<\/a><\/div> <\/div> <div  class=\"col-xs-12 col-sm-4 col-padding col-md-4 \">  <div  data-type=\"column\" class=\"\"> <\/div> <\/div><\/div> <\/div><\/div><div  data-label=\"Latest-news\" data-id=\"latest_news--1\" data-export-id=\"blog-section\" data-category=\"latest_news\" class=\"blog-section blog-section-standard content-section content-section-spacing\" id=\"latest_news-1\" style=\"background-color: rgb(245, 250, 253);\"><div  class=\"gridContainer\"> <div  class=\"row\"><div  data-type=\"column\" class=\"section-title-col\"> <h2  class=\"\">SON YAZILAR<\/h2> <\/div> <\/div> <div  class=\"row\"> <div  data-type=\"row\" data-dynamic-columns=\"handled\" data-content-shortcode=\"mesmerize_latest_news columns=&quot;3&quot; \">\t\t<div class=\"row center-sm content-left-sm\">\n\t\t\t\t\t<div id=\"post-154\" class=\"col-sm-6 col-md-3 space-bottom space-bottom-xs\">\n\t\t\t\t<div class=\"post-content card y-move bordered\">\n\t\t\t\t\t<div class=\"post-thumbnail\">\n   <a href=\"https:\/\/www.ilayaktopraksanda.com\/?p=154\" class=\"post-list-item-thumb \">\n      <img loading=\"lazy\" decoding=\"async\" width=\"1024\" height=\"1024\" src=\"https:\/\/www.ilayaktopraksanda.com\/wp-content\/uploads\/2026\/01\/Gemini_Generated_Image_upc2isupc2isupc2.png\" class=\"attachment-post-thumbnail size-post-thumbnail wp-post-image\" alt=\"\" srcset=\"https:\/\/www.ilayaktopraksanda.com\/wp-content\/uploads\/2026\/01\/Gemini_Generated_Image_upc2isupc2isupc2.png 1024w, https:\/\/www.ilayaktopraksanda.com\/wp-content\/uploads\/2026\/01\/Gemini_Generated_Image_upc2isupc2isupc2-300x300.png 300w, https:\/\/www.ilayaktopraksanda.com\/wp-content\/uploads\/2026\/01\/Gemini_Generated_Image_upc2isupc2isupc2-150x150.png 150w, https:\/\/www.ilayaktopraksanda.com\/wp-content\/uploads\/2026\/01\/Gemini_Generated_Image_upc2isupc2isupc2-768x768.png 768w\" sizes=\"auto, (max-width: 1024px) 100vw, 1024px\" \/>   <\/a>\n<\/div>\n\t\t\t\t\t<div class=\"col-padding col-padding-xs\">\n\t\t\t\t\t\t<h3 class=\"post-title space-bottom-small\">\n\t\t\t\t\t\t\t<a href=\"https:\/\/www.ilayaktopraksanda.com\/?p=154\" rel=\"bookmark\">\n\t\t\t\t\t\t\t\tBebek Sonras\u0131 Evlilik\t\t\t\t\t\t\t<\/a>\n\t\t\t\t\t\t<\/h3>\n\t\t\t\t\t\t<p>Bir\u00e7ok hamile kad\u0131n\u0131n ve e\u015finin s\u0131kl\u0131kla \u00fczerinde d\u00fc\u015f\u00fcnd\u00fc\u011f\u00fc ve sordu\u011fu sorulardan biri de \u201cBebek do\u011fduktan sonra e\u015fler aras\u0131nda neler de\u011fi\u015fir? \u0130li\u015fkide neler ya\u015fanabilir?\u201d sorusudur. Bu soru genellikle bir kayg\u0131 ve[&hellip;]<\/p>\n\t\t\t\t\t\t<a class=\"read-more link\" href=\"https:\/\/www.ilayaktopraksanda.com\/?p=154\">\n\t\t\t\t\t\t\tRead more\t\t\t\t\t\t<\/a>\n\t\t\t\t\t<\/div>\n\t\t\t\t<\/div>\n\t\t\t<\/div>\n\t\t\t\t\t\t<div id=\"post-151\" class=\"col-sm-6 col-md-3 space-bottom space-bottom-xs\">\n\t\t\t\t<div class=\"post-content card y-move bordered\">\n\t\t\t\t\t<div class=\"post-thumbnail\">\n   <a href=\"https:\/\/www.ilayaktopraksanda.com\/?p=151\" class=\"post-list-item-thumb \">\n      <img loading=\"lazy\" decoding=\"async\" width=\"1024\" height=\"1024\" src=\"https:\/\/www.ilayaktopraksanda.com\/wp-content\/uploads\/2026\/01\/Gemini_Generated_Image_hpfeuhhpfeuhhpfe.png\" class=\"attachment-post-thumbnail size-post-thumbnail wp-post-image\" alt=\"\" srcset=\"https:\/\/www.ilayaktopraksanda.com\/wp-content\/uploads\/2026\/01\/Gemini_Generated_Image_hpfeuhhpfeuhhpfe.png 1024w, https:\/\/www.ilayaktopraksanda.com\/wp-content\/uploads\/2026\/01\/Gemini_Generated_Image_hpfeuhhpfeuhhpfe-300x300.png 300w, https:\/\/www.ilayaktopraksanda.com\/wp-content\/uploads\/2026\/01\/Gemini_Generated_Image_hpfeuhhpfeuhhpfe-150x150.png 150w, https:\/\/www.ilayaktopraksanda.com\/wp-content\/uploads\/2026\/01\/Gemini_Generated_Image_hpfeuhhpfeuhhpfe-768x768.png 768w\" sizes=\"auto, (max-width: 1024px) 100vw, 1024px\" \/>   <\/a>\n<\/div>\n\t\t\t\t\t<div class=\"col-padding col-padding-xs\">\n\t\t\t\t\t\t<h3 class=\"post-title space-bottom-small\">\n\t\t\t\t\t\t\t<a href=\"https:\/\/www.ilayaktopraksanda.com\/?p=151\" rel=\"bookmark\">\n\t\t\t\t\t\t\t\tAnne-Bebek Dan\u0131\u015fmanl\u0131\u011f\u0131\t\t\t\t\t\t\t<\/a>\n\t\t\t\t\t\t<\/h3>\n\t\t\t\t\t\t<p>Hamilelik ve do\u011fumdaki travmalar\u0131 gelece\u011fe ta\u015f\u0131mak zorunda de\u011filsiniz. Anne-Bebek Terapisi nedir? Bilinenin aksine anne ve bebek ili\u015fkisi do\u011fumdan sonra de\u011fil, bebek anne karn\u0131na d\u00fc\u015ft\u00fc\u011f\u00fc andan itibaren ba\u015flar.&nbsp; Bebe\u011fin anne ile[&hellip;]<\/p>\n\t\t\t\t\t\t<a class=\"read-more link\" href=\"https:\/\/www.ilayaktopraksanda.com\/?p=151\">\n\t\t\t\t\t\t\tRead more\t\t\t\t\t\t<\/a>\n\t\t\t\t\t<\/div>\n\t\t\t\t<\/div>\n\t\t\t<\/div>\n\t\t\t\t\t\t<div id=\"post-148\" class=\"col-sm-6 col-md-3 space-bottom space-bottom-xs\">\n\t\t\t\t<div class=\"post-content card y-move bordered\">\n\t\t\t\t\t<div class=\"post-thumbnail\">\n   <a href=\"https:\/\/www.ilayaktopraksanda.com\/?p=148\" class=\"post-list-item-thumb \">\n      <img loading=\"lazy\" decoding=\"async\" width=\"600\" height=\"293\" src=\"https:\/\/www.ilayaktopraksanda.com\/wp-content\/uploads\/2026\/01\/gebeligevedogumahazirlikegiticiegitimprogramlari.webp\" class=\"attachment-post-thumbnail size-post-thumbnail wp-post-image\" alt=\"\" srcset=\"https:\/\/www.ilayaktopraksanda.com\/wp-content\/uploads\/2026\/01\/gebeligevedogumahazirlikegiticiegitimprogramlari.webp 600w, https:\/\/www.ilayaktopraksanda.com\/wp-content\/uploads\/2026\/01\/gebeligevedogumahazirlikegiticiegitimprogramlari-300x147.webp 300w\" sizes=\"auto, (max-width: 600px) 100vw, 600px\" \/>   <\/a>\n<\/div>\n\t\t\t\t\t<div class=\"col-padding col-padding-xs\">\n\t\t\t\t\t\t<h3 class=\"post-title space-bottom-small\">\n\t\t\t\t\t\t\t<a href=\"https:\/\/www.ilayaktopraksanda.com\/?p=148\" rel=\"bookmark\">\n\t\t\t\t\t\t\t\tDo\u011fuma Haz\u0131rl\u0131k E\u011fitimine Neden Kat\u0131lmal\u0131y\u0131m?\t\t\t\t\t\t\t<\/a>\n\t\t\t\t\t\t<\/h3>\n\t\t\t\t\t\t<p>lk Do\u011fuma Haz\u0131rl\u0131k ve Nefes Egzersizleri Program\u0131n\u0131 a\u00e7t\u0131\u011f\u0131mda gruba kat\u0131lan bir baban\u0131n ilk yorumu \u015fu olmu\u015ftu: \u201cHamilelik ve do\u011fum madem do\u011fal bir s\u00fcre\u00e7, neden do\u011fuma haz\u0131rl\u0131k e\u011fitimleri var?\u201d. Bir\u00e7ok ki\u015finin[&hellip;]<\/p>\n\t\t\t\t\t\t<a class=\"read-more link\" href=\"https:\/\/www.ilayaktopraksanda.com\/?p=148\">\n\t\t\t\t\t\t\tRead more\t\t\t\t\t\t<\/a>\n\t\t\t\t\t<\/div>\n\t\t\t\t<\/div>\n\t\t\t<\/div>\n\t\t\t\t\t\t<div id=\"post-145\" class=\"col-sm-6 col-md-3 space-bottom space-bottom-xs\">\n\t\t\t\t<div class=\"post-content card y-move bordered\">\n\t\t\t\t\t<div class=\"post-thumbnail\">\n   <a href=\"https:\/\/www.ilayaktopraksanda.com\/?p=145\" class=\"post-list-item-thumb \">\n      <img loading=\"lazy\" decoding=\"async\" width=\"484\" height=\"309\" src=\"https:\/\/www.ilayaktopraksanda.com\/wp-content\/uploads\/2026\/01\/skin-to-skin.webp\" class=\"attachment-post-thumbnail size-post-thumbnail wp-post-image\" alt=\"\" srcset=\"https:\/\/www.ilayaktopraksanda.com\/wp-content\/uploads\/2026\/01\/skin-to-skin.webp 484w, https:\/\/www.ilayaktopraksanda.com\/wp-content\/uploads\/2026\/01\/skin-to-skin-300x192.webp 300w\" sizes=\"auto, (max-width: 484px) 100vw, 484px\" \/>   <\/a>\n<\/div>\n\t\t\t\t\t<div class=\"col-padding col-padding-xs\">\n\t\t\t\t\t\t<h3 class=\"post-title space-bottom-small\">\n\t\t\t\t\t\t\t<a href=\"https:\/\/www.ilayaktopraksanda.com\/?p=145\" rel=\"bookmark\">\n\t\t\t\t\t\t\t\tDo\u011fumdan Sonra Ten Tene Temas Neden \u00d6nemli?\t\t\t\t\t\t\t<\/a>\n\t\t\t\t\t\t<\/h3>\n\t\t\t\t\t\t<p>Son d\u00f6nemlerde daha s\u0131k duydu\u011fumuz, do\u011fum sonras\u0131nda eskisine g\u00f6re daha s\u0131k uygulanan ancak hastanelerde rutin bir uygulama olamam\u0131\u015f Ten Tene Temas (TTT) nedir? Neden uygulanmal\u0131d\u0131r? Anne ve bebe\u011fe neyi sa\u011flar?[&hellip;]<\/p>\n\t\t\t\t\t\t<a class=\"read-more link\" href=\"https:\/\/www.ilayaktopraksanda.com\/?p=145\">\n\t\t\t\t\t\t\tRead more\t\t\t\t\t\t<\/a>\n\t\t\t\t\t<\/div>\n\t\t\t\t<\/div>\n\t\t\t<\/div>\n\t\t\t\t<\/div>\n\t<\/div><\/div> <div  class=\"row\"><div  class=\"text-center\"> <a class=\"button color1\" data-attr-shortcode=\"href:mesmerize_blog_link\" href=\"https:\/\/www.ilayaktopraksanda.com\/?post_type=post\">SEE ALL BLOG POSTS<\/a><\/div> <\/div><\/div><\/div><div  data-label=\"Portfolio\" data-id=\"portfolio--1\" data-export-id=\"portfolio-5\" data-category=\"portfolio\" class=\"portfolio-5 content-section content-section-spacing\" id=\"portfolio-1\" style=\"background-color: rgb(255, 255, 255);\"><div  class=\"gridContainer\"> <div  class=\"row text-center\"><div  class=\"section-title-col\" data-type=\"column\"> <h2  class=\"\">Dan\u0131\u015fan Yorumlar\u0131<\/h2> <p  class=\"lead\">Yorumlar doktortakvimi.com \u00fczerinden al\u0131nm\u0131\u015ft\u0131r.<\/p><\/div> <\/div> <div  class=\"row space-bottom spaced-cols\" data-type=\"row\"> <div  class=\"col-xs-12 col-sm-4 text-center\"> <div  class=\"card no-padding bordered\"> <div  data-hover-fx=\"portfolio-6\" class=\"contentswap-effect\"> <div  class=\"initial-image\"> <img decoding=\"async\"  data-size=\"500x333\" src=\"https:\/\/www.ilayaktopraksanda.com\/wp-content\/uploads\/2026\/01\/cropped-yorum-2_00000-1.jpg\"><\/div> <div  class=\"overlay bg-color6\"><\/div> <div  class=\"swap-inner col-xs-12\"> <div  class=\"row full-height-row middle-xs middle-sm\"> <div  class=\"col-xs-12 text-center content-holder\"> <a class=\"button small color2\" href=\"https:\/\/www.psikologilayaktoprak.com\/#testimonials\" target=\"_blank\" data-cp-link=\"1\" rel=\"noopener\">Devam\u0131n\u0131 Oku<\/a><\/div> <\/div><\/div> <\/div> <div  class=\"col-xs-12\"> <div  class=\"space-bottom space-top\" data-type=\"column\">  <\/div> <\/div><\/div> <\/div> <div  class=\"col-xs-12 col-sm-4 text-center\"> <div  class=\"card no-padding bordered\"> <div  data-hover-fx=\"portfolio-6\" class=\"contentswap-effect\"> <div  class=\"initial-image\"> <img decoding=\"async\"  data-size=\"500x333\" src=\"https:\/\/www.ilayaktopraksanda.com\/wp-content\/uploads\/2026\/01\/cropped-cropped-hamile-yorum-2_00000.jpg\"><\/div> <div  class=\"overlay bg-color6\"><\/div> <div  class=\"swap-inner col-xs-12\"> <div  class=\"row full-height-row middle-xs middle-sm\"> <div  class=\"col-xs-12 text-center content-holder\"> <a class=\"button small color2\" href=\"https:\/\/www.psikologilayaktoprak.com\/#testimonials\" target=\"_blank\" data-cp-link=\"1\" rel=\"noopener\">Devam\u0131n\u0131 Oku<\/a><\/div> <\/div><\/div> <\/div> <div  class=\"col-xs-12\"> <div  class=\"space-bottom space-top\" data-type=\"column\">  <\/div> <\/div><\/div> <\/div> <div  class=\"col-xs-12 col-sm-4 text-center\"> <div  class=\"card no-padding bordered\"> <div  data-hover-fx=\"portfolio-6\" class=\"contentswap-effect\"> <div  class=\"initial-image\"> <img decoding=\"async\"  data-size=\"500x333\" src=\"https:\/\/www.ilayaktopraksanda.com\/wp-content\/uploads\/2026\/01\/cropped-cropped-yorum5_00000.jpg\"><\/div> <div  class=\"overlay bg-color6\"><\/div> <div  class=\"swap-inner col-xs-12\"> <div  class=\"row full-height-row middle-xs middle-sm\"> <div  class=\"col-xs-12 text-center content-holder\"> <a class=\"button small color2\" href=\"https:\/\/www.psikologilayaktoprak.com\/#testimonials\" target=\"_blank\" data-cp-link=\"1\" rel=\"noopener\">Devam\u0131n\u0131 Oku<\/a><\/div> <\/div><\/div> <\/div> <div  class=\"col-xs-12\"> <div  class=\"space-bottom space-top\" data-type=\"column\">  <\/div> <\/div><\/div> <\/div><\/div> <div  class=\"row\"><div  data-type=\"column\" class=\"col-xs-12 text-center\"> <\/div> <\/div><\/div> <\/div>","protected":false},"excerpt":{"rendered":"<p>\u00c7ocuk ve Ergen Dan\u0131\u015fmanl\u0131\u011f\u0131 H\u0131zl\u0131 Randevu Hamile ve Do\u011fum Dan\u0131\u015fmanl\u0131\u011f\u0131 SON YAZILAR SEE ALL BLOG POSTS Dan\u0131\u015fan Yorumlar\u0131 Yorumlar doktortakvimi.com \u00fczerinden al\u0131nm\u0131\u015ft\u0131r. Devam\u0131n\u0131 Oku Devam\u0131n\u0131 Oku Devam\u0131n\u0131 Oku<\/p>\n","protected":false},"author":1,"featured_media":0,"parent":0,"menu_order":0,"comment_status":"closed","ping_status":"closed","template":"page-templates\/homepage.php","meta":{"footnotes":""},"class_list":["post-36","page","type-page","status-publish","hentry"],"amp_enabled":false,"_links":{"self":[{"href":"https:\/\/www.ilayaktopraksanda.com\/index.php?rest_route=\/wp\/v2\/pages\/36","targetHints":{"allow":["GET"]}}],"collection":[{"href":"https:\/\/www.ilayaktopraksanda.com\/index.php?rest_route=\/wp\/v2\/pages"}],"about":[{"href":"https:\/\/www.ilayaktopraksanda.com\/index.php?rest_route=\/wp\/v2\/types\/page"}],"author":[{"embeddable":true,"href":"https:\/\/www.ilayaktopraksanda.com\/index.php?rest_route=\/wp\/v2\/users\/1"}],"replies":[{"embeddable":true,"href":"https:\/\/www.ilayaktopraksanda.com\/index.php?rest_route=%2Fwp%2Fv2%2Fcomments&post=36"}],"version-history":[{"count":48,"href":"https:\/\/www.ilayaktopraksanda.com\/index.php?rest_route=\/wp\/v2\/pages\/36\/revisions"}],"predecessor-version":[{"id":330,"href":"https:\/\/www.ilayaktopraksanda.com\/index.php?rest_route=\/wp\/v2\/pages\/36\/revisions\/330"}],"wp:attachment":[{"href":"https:\/\/www.ilayaktopraksanda.com\/index.php?rest_route=%2Fwp%2Fv2%2Fmedia&parent=36"}],"curies":[{"name":"wp","href":"https:\/\/api.w.org\/{rel}","templated":true}]}}